{"id":44,"date":"2020-02-10T14:52:15","date_gmt":"2020-02-10T13:52:15","guid":{"rendered":"http:\/\/bernard-web.com\/susanne\/?page_id=44"},"modified":"2021-07-02T15:31:18","modified_gmt":"2021-07-02T13:31:18","slug":"lebenslauf-deutsch","status":"publish","type":"page","link":"https:\/\/bernard-web.com\/susanne\/index.php\/lebenslauf-deutsch\/","title":{"rendered":"\u00dcber mich"},"content":{"rendered":"\n<p><a href=\"mailto:susanne@bernard-web.com\">Mail<\/a> |&nbsp;<a rel=\"noreferrer noopener\" href=\"http:\/\/www.linkedin.com\/pub\/susanne-bernard\/4\/7b\/b26\" target=\"_blank\">LinkedIn<\/a> |<a href=\"skype:susanne.bernard76?chat\"> Skype<\/a> |&nbsp;<a rel=\"noreferrer noopener\" href=\"https:\/\/twitter.com\/SusanneBernard\" target=\"_blank\">Twitter<\/a> | <a rel=\"noreferrer noopener\" href=\"http:\/\/www.facebook.com\/susanne.bernard\" target=\"_blank\">Facebook<\/a> |&nbsp;<a rel=\"noreferrer noopener\" href=\"http:\/\/www.youtube.com\/SusanneBernard\" target=\"_blank\">YouTube<\/a> | <a href=\"https:\/\/www.instagram.com\/annablog_ch\/\">Instagram<\/a><\/p>\n\n\n\n<div class=\"wp-block-group\"><div class=\"wp-block-group__inner-container is-layout-flow\">\n<p>1976 in Z\u00fcrich geboren und aufgewachsen. Als Teenager begann ich mich f\u00fcrs Bewegtbild zu interessieren. Videofilmen und Schnitt habe ich autodidaktisch gelernt.<\/p>\n\n\n\n<p>Ich habe eine naturwissenschaftliche (<strong>Bachelor of Science in Biology<\/strong>) und eine journalistische Ausbildung (<strong>Master of Arts in Journalism<\/strong>). Zudem habe ich Kurse an der University of California Los Angeles besucht.<\/p>\n\n\n\n<p>In den letzten Jahren habe ich als <strong>Online-Journalistin<\/strong> (Text und Webvideo) und als <strong>Realisatorin &amp; Video-Editorin<\/strong> f\u00fcr TV und Corporate Video gearbeitet.<\/p>\n<\/div><\/div>\n\n\n\n<hr class=\"wp-block-separator is-style-default\"\/>\n\n\n\n<div class=\"wp-block-group\"><div class=\"wp-block-group__inner-container is-layout-flow\">\n<h2 class=\"has-text-color wp-block-heading\" style=\"color:#668988\">Meine Tools<\/h2>\n\n\n\n<p>Ich kann mit <strong>MacOS<\/strong> wie auch mit <strong>Windows<\/strong>-Systemen umgehen, beherrsche die g\u00e4ngigen Anwendungen und das 10-Finger-System.<\/p>\n\n\n\n<p>Ich mit <strong>verschiedenen CMS-Systemen<\/strong> gearbeitet und habe Basis-Kenntnisse im Theme Development f\u00fcr WordPress sowie in HTML und CSS. <\/p>\n\n\n\n<p>F\u00fcr Video- &amp; Bildbearbeitung ben\u00fctze ich vor allem <strong>Final Cut Pro<\/strong>, <strong>Adobe Premiere<\/strong> und <strong>Adobe Photoshop.<\/strong> <\/p>\n\n\n\n<p>Mit <strong>Fotoapparat<\/strong> und <strong>Videokamera<\/strong> kann ich umgehen.<\/p>\n<\/div><\/div>\n\n\n\n<hr class=\"wp-block-separator is-style-default\"\/>\n\n\n\n<div class=\"wp-block-group\"><div class=\"wp-block-group__inner-container is-layout-flow\">\n<h2 class=\"has-text-color wp-block-heading\" style=\"color:#668988\">Meine Sprachen<\/h2>\n\n\n\n<p>Meine Muttersprache ist <strong>Schweizerdeutsch<\/strong> (Z\u00fcrcher Dialekt). Neben <strong>Deutsch<\/strong> spreche ich fliessend <strong>Englisch<\/strong>. Ich kann mich gut in <strong>Franz\u00f6sisch<\/strong> verst\u00e4ndigen, habe Basis-Kenntnisse in <strong>Spanisch<\/strong> und verstehe <strong>Luxemburgisch<\/strong>.<\/p>\n<\/div><\/div>\n\n\n\n<hr class=\"wp-block-separator is-style-default\"\/>\n\n\n\n<div class=\"wp-block-group\"><div class=\"wp-block-group__inner-container is-layout-flow\">\n<h2 class=\"has-text-color wp-block-heading\" style=\"color:#668988\">Meine weiteren Skills &amp; Engagement<\/h2>\n\n\n\n<p><strong>Tauchbrevet<\/strong> seit 2005 (SSI Advanced Open Water Diver)<\/p>\n\n\n\n<p><strong>F\u00fchrerausweis<\/strong> seit 1997<\/p>\n\n\n\n<p><strong>Vorstandsmitglied (Aktuariat) QV Wallisellen S\u00fcd<\/strong> seit 2018<\/p>\n<\/div><\/div>\n\n\n\n<hr class=\"wp-block-separator\"\/>\n\n\n\n<div class=\"wp-block-group\"><div class=\"wp-block-group__inner-container is-layout-flow\">\n<h2 class=\"has-text-color wp-block-heading\" style=\"color:#668988\">Meine Berufserfahrung<\/h2>\n\n\n\n<div class=\"wp-block-group innerbox has-very-light-gray-background-color has-background\"><div class=\"wp-block-group__inner-container is-layout-flow\">\n<h4 class=\"wp-block-heading\">Freischaffende Journalistin, Video-Realisatorin &amp; -Editorin<\/h4>\n\n\n\n<ul><li>seit Februar 2020&nbsp;<\/li><li>sowie: Jan. 2013 &#8211; Mai 2016 &amp;&nbsp;Apr. 2017 &#8211; Dez. 2018<\/li><li>Video-Produktion seit 1993<\/li><\/ul>\n\n\n\n<p class=\"lastinbox\">Diverse Auftr\u00e4ge im Bereich Text und Video\/TV<\/p>\n<\/div><\/div>\n\n\n\n<div class=\"wp-block-group innerbox\"><div class=\"wp-block-group__inner-container is-layout-flow\">\n<h4 class=\"wp-block-heading\">Online-Redaktorin Wissenschaft<\/h4>\n\n\n\n<p><a rel=\"noreferrer noopener\" href=\"http:\/\/www.srf.ch\" target=\"_blank\"><strong>Schweizer Radio &amp; Fernsehen SRF<\/strong><\/a><\/p>\n\n\n\n<p>Dezember 2018 &#8211; Januar 2020 (befristet: Mutterschaftsvertretung)<\/p>\n\n\n\n<p>Online-Redaktorin Wissenschaft, Schwerpunkt Webvideo<\/p>\n<\/div><\/div>\n\n\n\n<div class=\"wp-block-group innerbox has-very-light-gray-background-color has-background\"><div class=\"wp-block-group__inner-container is-layout-flow\">\n<h4 class=\"wp-block-heading\">Multimedia-Redaktorin<\/h4>\n\n\n\n<p><a rel=\"noreferrer noopener\" href=\"http:\/\/www.srf.ch\" target=\"_blank\"><strong>Schweizer Radio &amp; Fernsehen SRF<\/strong><\/a><\/p>\n\n\n\n<p>Juni 2016 &#8211; M\u00e4rz 2017 (befristet: Mutterschaftsvertretung)<\/p>\n\n\n\n<p>Multimedia-Redaktorin f\u00fcr die SRF-Wissenschaftssendung \u00abEinstein\u00bb und SRF Kultur Online (Wissen)<\/p>\n<\/div><\/div>\n\n\n\n<div class=\"wp-block-group innerbox\"><div class=\"wp-block-group__inner-container is-layout-flow\">\n<h4 class=\"wp-block-heading\">Redaktorin<\/h4>\n\n\n\n<p><a rel=\"noreferrer noopener\" href=\"http:\/\/www.srf.ch\" target=\"_blank\"><strong>Schweizer Radio &amp; Fernsehen SRF<\/strong><\/a><\/p>\n\n\n\n<p>2009 &#8211; 2013<\/p>\n\n\n\n<p>Assistenz und Co-Produktion: Reisemagazin \u00abFernweh\u00bb und andere Sendungen, Arbeiten als Video-Journalistin und Online-Redaktorin<\/p>\n<\/div><\/div>\n\n\n\n<div class=\"wp-block-group innerbox has-very-light-gray-background-color has-background\"><div class=\"wp-block-group__inner-container is-layout-flow\">\n<h4 class=\"wp-block-heading\">Online-Redaktorin<\/h4>\n\n\n\n<p><a rel=\"noreferrer noopener\" href=\"http:\/\/www.srf.ch\" target=\"_blank\"><strong>Schweizer Radio &amp; Fernsehen<\/strong><\/a><\/p>\n\n\n\n<p>2009 (4 Monate)<\/p>\n\n\n\n<p>Online-Redaktion f\u00fcr das TV-Reisemagazin \u00abFernweh\u00bb<\/p>\n<\/div><\/div>\n\n\n\n<div class=\"wp-block-group innerbox\"><div class=\"wp-block-group__inner-container is-layout-flow\">\n<h4 class=\"wp-block-heading\">Praktikum: Online-Redaktorin<\/h4>\n\n\n\n<p><a rel=\"noreferrer noopener\" href=\"http:\/\/www.srf.ch\" target=\"_blank\"><strong>Schweizer Radio &amp; Fernsehen<\/strong><\/a><\/p>\n\n\n\n<p>2008 (3 Monate)<\/p>\n\n\n\n<p>Online-Redaktion f\u00fcr das TV-Reisemagazin \u00abFernweh\u00bb<\/p>\n<\/div><\/div>\n\n\n\n<div class=\"wp-block-group innerbox has-very-light-gray-background-color has-background\"><div class=\"wp-block-group__inner-container is-layout-flow\">\n<h4 class=\"wp-block-heading\">Praktikum: Redaktorin<\/h4>\n\n\n\n<p><a rel=\"noreferrer noopener\" href=\"http:\/\/www.dpa.de\" target=\"_blank\"><strong>Deutsche Presseagentur dpa<\/strong><\/a><\/p>\n\n\n\n<p>2007 (1 Monat)<\/p>\n\n\n\n<p>dpa Landesdienst Nord (Hamburg): lokale Nachrichten-Berichterstattung<\/p>\n<\/div><\/div>\n\n\n\n<div class=\"wp-block-group innerbox\"><div class=\"wp-block-group__inner-container is-layout-flow\">\n<h4 class=\"wp-block-heading\">Redaktorin Teletext-Untertitelung\n\n<\/h4>\n\n\n\n<p><a rel=\"noreferrer noopener\" href=\"http:\/\/www.swisstxt.ch\" target=\"_blank\"><strong>SWISS TXT AG<\/strong><\/a><\/p>\n\n\n\n<p>1999 &#8211; 2007<\/p>\n\n\n\n<p>Teletext-Untertitelung von Nachrichtensendungen, Sportprogrammen, Filmen, TV-Serien und TV-Shows des Schweizer Fernsehens<\/p>\n<\/div><\/div>\n<\/div><\/div>\n\n\n\n<hr class=\"wp-block-separator\"\/>\n\n\n\n<div class=\"wp-block-group\"><div class=\"wp-block-group__inner-container is-layout-flow\">\n<h2 class=\"has-text-color wp-block-heading\" style=\"color:#668988\">Meine Ausbildung<\/h2>\n\n\n\n<div class=\"wp-block-group innerbox has-very-light-gray-background-color has-background\"><div class=\"wp-block-group__inner-container is-layout-flow\">\n<h4 class=\"wp-block-heading\">Master of Arts in Journalism (2009)<\/h4>\n\n\n\n<p><strong><a rel=\"noreferrer noopener\" href=\"http:\/\/www.maz.ch\" target=\"_blank\">MAZ &#8211; die Schweizer Journalistenschule<\/a> \/ <a rel=\"noreferrer noopener\" aria-label=\" (opens in a new tab)\" href=\"http:\/\/www.hamburgmediaschool.com\" target=\"_blank\">Hamburg Media School<\/a><\/strong><\/p>\n\n\n\n<p>2007 &#8211; 2009: \u00abMaster of Arts in Journalism\u00bb-Programm MAZ &#8211; die Schweizer Journalistenschule &amp; Hamburg Media School<\/p>\n<\/div><\/div>\n\n\n\n<div class=\"wp-block-group innerbox\"><div class=\"wp-block-group__inner-container is-layout-flow\">\n<h4 class=\"wp-block-heading\">Bachelor of Science in Biology (2007)<\/h4>\n\n\n\n<p><a rel=\"noreferrer noopener\" href=\"http:\/\/www.uzh.ch\" target=\"_blank\"><strong>Universit\u00e4t Z\u00fcrich<\/strong><\/a><\/p>\n\n\n\n<p>2004 &#8211; 2007: Biologie-Studium<\/p>\n<\/div><\/div>\n\n\n\n<div class=\"wp-block-group innerbox has-very-light-gray-background-color has-background\"><div class=\"wp-block-group__inner-container is-layout-flow\">\n<h4 class=\"wp-block-heading\">Publizistikwissenschaft &amp; Geschichte<\/h4>\n\n\n\n<p><a rel=\"noreferrer noopener\" href=\"http:\/\/www.uzh.ch\" target=\"_blank\"><strong>Universit\u00e4t Z\u00fcrich<\/strong><\/a><\/p>\n\n\n\n<p>1996 &#8211; 1999: Studium, ohne Abschluss.<\/p>\n<\/div><\/div>\n\n\n\n<div class=\"wp-block-group innerbox\"><div class=\"wp-block-group__inner-container is-layout-flow\">\n<h4 class=\"wp-block-heading\"> Matura (1996)<\/h4>\n\n\n\n<p><a rel=\"noreferrer noopener\" aria-label=\"Literargymnasium R\u00e4mib\u00fchl, Z\u00fcrich (opens in a new tab)\" href=\"http:\/\/www.lgr.ch\" target=\"_blank\"><strong>Literargymnasium R\u00e4mib\u00fchl, Z\u00fcrich<\/strong><\/a><\/p>\n\n\n\n<p>1990 \u2013 1996: Mittelschule, Typus B (Englisch &amp; Latein)<\/p>\n<\/div><\/div>\n<\/div><\/div>\n\n\n\n<hr class=\"wp-block-separator is-style-default\"\/>\n\n\n\n<h2 class=\"innerbox has-text-color wp-block-heading\" style=\"color:#668988\">Meine Weiterbildungen im Ausland<\/h2>\n\n\n\n<figure class=\"wp-block-table\"><table><tbody><tr><td>2008<\/td><td>9 Monate<\/td><td>Hamburg, D<\/td><td><a href=\"http:\/\/www.hamburgmediaschool.de\" target=\"_blank\" rel=\"noreferrer noopener\">Hamburg Media School<\/a><\/td><td>&#171;MA in Journalism&#187;-Programm<\/td><\/tr><tr><td>2006<\/td><td>6 Wochen<\/td><td>Los Angeles, USA<\/td><td><a href=\"http:\/\/www.ucla.edu\" target=\"_blank\" rel=\"noreferrer noopener\">University of California Los Angeles<\/a><\/td><td>1 Summer Session<\/td><\/tr><tr><td>2002<\/td><td>6 Wochen<\/td><td>Los Angeles, USA<\/td><td><a href=\"http:\/\/www.ucla.edu\" target=\"_blank\" rel=\"noreferrer noopener\">University of California Los Angeles<\/a><\/td><td>1 Summer Session<\/td><\/tr><tr><td>2000<\/td><td>3 Monate<\/td><td>Los Angeles, USA<\/td><td><a href=\"http:\/\/www.ucla.edu\" target=\"_blank\" rel=\"noreferrer noopener\">University of California Los Angeles<\/a><\/td><td>2 Summer Sessions<\/td><\/tr><\/tbody><\/table><\/figure>\n","protected":false},"excerpt":{"rendered":"<p>Mail |&nbsp;LinkedIn | Skype |&nbsp;Twitter | Facebook |&nbsp;YouTube | Instagram 1976 in Z\u00fcrich geboren und aufgewachsen. Als Teenager begann ich mich f\u00fcrs Bewegtbild zu interessieren. Videofilmen und Schnitt habe ich autodidaktisch gelernt. Ich habe eine naturwissenschaftliche (Bachelor of Science in Biology) und eine journalistische Ausbildung (Master of Arts in Journalism). Zudem habe ich Kurse an [&hellip;]<\/p>\n","protected":false},"author":1,"featured_media":0,"parent":0,"menu_order":0,"comment_status":"closed","ping_status":"closed","template":"","meta":[],"_links":{"self":[{"href":"https:\/\/bernard-web.com\/susanne\/index.php\/wp-json\/wp\/v2\/pages\/44"}],"collection":[{"href":"https:\/\/bernard-web.com\/susanne\/index.php\/wp-json\/wp\/v2\/pages"}],"about":[{"href":"https:\/\/bernard-web.com\/susanne\/index.php\/wp-json\/wp\/v2\/types\/page"}],"author":[{"embeddable":true,"href":"https:\/\/bernard-web.com\/susanne\/index.php\/wp-json\/wp\/v2\/users\/1"}],"replies":[{"embeddable":true,"href":"https:\/\/bernard-web.com\/susanne\/index.php\/wp-json\/wp\/v2\/comments?post=44"}],"version-history":[{"count":79,"href":"https:\/\/bernard-web.com\/susanne\/index.php\/wp-json\/wp\/v2\/pages\/44\/revisions"}],"predecessor-version":[{"id":834,"href":"https:\/\/bernard-web.com\/susanne\/index.php\/wp-json\/wp\/v2\/pages\/44\/revisions\/834"}],"wp:attachment":[{"href":"https:\/\/bernard-web.com\/susanne\/index.php\/wp-json\/wp\/v2\/media?parent=44"}],"curies":[{"name":"wp","href":"https:\/\/api.w.org\/{rel}","templated":true}]}}